[INFO] fetching crate spyglass 1.1.0...
[INFO] checking spyglass-1.1.0 against master#e6e4f7ed1589e03bc2f6c5931c1a72e7947e8682 for beta-170-4
[INFO] extracting crate spyglass 1.1.0 into /workspace/builds/worker-2-tc2/source
[INFO] validating manifest of crates.io crate spyglass 1.1.0 on toolchain e6e4f7ed1589e03bc2f6c5931c1a72e7947e8682
[INFO] running `Command { std: CARGO_HOME="/workspace/cargo-home" RUSTUP_HOME="/workspace/rustup-home" "/workspace/cargo-home/bin/cargo" "+e6e4f7ed1589e03bc2f6c5931c1a72e7947e8682" "metadata" "--manifest-path" "Cargo.toml" "--no-deps", kill_on_drop: false }`
[INFO] started tweaking crates.io crate spyglass 1.1.0
[INFO] finished tweaking crates.io crate spyglass 1.1.0
[INFO] tweaked toml for crates.io crate spyglass 1.1.0 written to /workspace/builds/worker-2-tc2/source/Cargo.toml
[INFO] crate crates.io crate spyglass 1.1.0 already has a lockfile, it will not be regenerated
[INFO] running `Command { std: CARGO_HOME="/workspace/cargo-home" RUSTUP_HOME="/workspace/rustup-home" "/workspace/cargo-home/bin/cargo" "+e6e4f7ed1589e03bc2f6c5931c1a72e7947e8682" "fetch" "--manifest-path" "Cargo.toml", kill_on_drop: false }`
[INFO] running `Command { std: "docker" "create" "-v" "/var/lib/crater-agent-workspace/builds/worker-2-tc2/target:/opt/rustwide/target:rw,Z" "-v" "/var/lib/crater-agent-workspace/builds/worker-2-tc2/source:/opt/rustwide/workdir:ro,Z" "-v" "/var/lib/crater-agent-workspace/cargo-home:/opt/rustwide/cargo-home:ro,Z" "-v" "/var/lib/crater-agent-workspace/rustup-home:/opt/rustwide/rustup-home:ro,Z" "-e" "SOURCE_DIR=/opt/rustwide/workdir" "-e" "CARGO_TARGET_DIR=/opt/rustwide/target" "-e" "CARGO_HOME=/opt/rustwide/cargo-home" "-e" "RUSTUP_HOME=/opt/rustwide/rustup-home" "-w" "/opt/rustwide/workdir" "-m" "1610612736" "--user" "0:0" "--network" "none" "ghcr.io/rust-lang/crates-build-env/linux@sha256:19e73879b68f455e41552ea35293514db52ea292d993f571636dbffedb77a1ee" "/opt/rustwide/cargo-home/bin/cargo" "+e6e4f7ed1589e03bc2f6c5931c1a72e7947e8682" "metadata" "--no-deps" "--format-version=1", kill_on_drop: false }`
[INFO] [stdout] abe2ef797cf578ebd347219d335d301685835d153a60970d51f1f81c3dbb0c71
[INFO] running `Command { std: "docker" "start" "-a" "abe2ef797cf578ebd347219d335d301685835d153a60970d51f1f81c3dbb0c71", kill_on_drop: false }`
[INFO] running `Command { std: "docker" "inspect" "abe2ef797cf578ebd347219d335d301685835d153a60970d51f1f81c3dbb0c71", kill_on_drop: false }`
[INFO] running `Command { std: "docker" "rm" "-f" "abe2ef797cf578ebd347219d335d301685835d153a60970d51f1f81c3dbb0c71", kill_on_drop: false }`
[INFO] [stdout] abe2ef797cf578ebd347219d335d301685835d153a60970d51f1f81c3dbb0c71
[INFO] running `Command { std: "docker" "create" "-v" "/var/lib/crater-agent-workspace/builds/worker-2-tc2/target:/opt/rustwide/target:rw,Z" "-v" "/var/lib/crater-agent-workspace/builds/worker-2-tc2/source:/opt/rustwide/workdir:ro,Z" "-v" "/var/lib/crater-agent-workspace/cargo-home:/opt/rustwide/cargo-home:ro,Z" "-v" "/var/lib/crater-agent-workspace/rustup-home:/opt/rustwide/rustup-home:ro,Z" "-e" "SOURCE_DIR=/opt/rustwide/workdir" "-e" "CARGO_TARGET_DIR=/opt/rustwide/target" "-e" "CARGO_INCREMENTAL=0" "-e" "RUST_BACKTRACE=full" "-e" "RUSTFLAGS=--cap-lints=forbid" "-e" "RUSTDOCFLAGS=--cap-lints=forbid" "-e" "CARGO_HOME=/opt/rustwide/cargo-home" "-e" "RUSTUP_HOME=/opt/rustwide/rustup-home" "-w" "/opt/rustwide/workdir" "-m" "1610612736" "--user" "0:0" "--network" "none" "ghcr.io/rust-lang/crates-build-env/linux@sha256:19e73879b68f455e41552ea35293514db52ea292d993f571636dbffedb77a1ee" "/opt/rustwide/cargo-home/bin/cargo" "+e6e4f7ed1589e03bc2f6c5931c1a72e7947e8682" "check" "--frozen" "--all" "--all-targets" "--message-format=json", kill_on_drop: false }`
[INFO] [stdout] c5772ff91e6bd8b4127c5680225880f2f677f729c059710c4e6b2cc9709bcc90
[INFO] running `Command { std: "docker" "start" "-a" "c5772ff91e6bd8b4127c5680225880f2f677f729c059710c4e6b2cc9709bcc90", kill_on_drop: false }`
[INFO] [stderr]    Compiling syn v1.0.55
[INFO] [stderr]    Compiling crossbeam-utils v0.8.1
[INFO] [stderr]    Compiling memoffset v0.6.1
[INFO] [stderr]    Compiling const_fn v0.4.4
[INFO] [stderr]    Compiling rayon-core v1.9.0
[INFO] [stderr]    Compiling num-traits v0.2.14
[INFO] [stderr]     Checking regex-syntax v0.6.21
[INFO] [stderr]     Checking num_cpus v1.13.0
[INFO] [stderr]    Compiling rayon v1.5.0
[INFO] [stderr]     Checking csv-core v0.1.10
[INFO] [stderr]     Checking humantime v2.0.1
[INFO] [stderr]     Checking termcolor v1.1.2
[INFO] [stderr]     Checking criterion-plot v0.4.3
[INFO] [stderr]     Checking deunicode v1.1.1
[INFO] [stderr]     Checking crossbeam-channel v0.5.0
[INFO] [stderr]     Checking crossbeam-epoch v0.9.1
[INFO] [stderr]     Checking crossbeam-deque v0.8.0
[INFO] [stderr]     Checking regex v1.4.2
[INFO] [stderr]     Checking plotters v0.2.15
[INFO] [stderr]     Checking env_logger v0.8.2
[INFO] [stderr]    Compiling serde_derive v1.0.118
[INFO] [stderr]     Checking serde v1.0.118
[INFO] [stderr]     Checking serde_json v1.0.61
[INFO] [stderr]     Checking bstr v0.2.14
[INFO] [stderr]     Checking serde_cbor v0.11.1
[INFO] [stderr]     Checking bincode v1.3.1
[INFO] [stderr]     Checking spyglass v1.1.0 (/opt/rustwide/workdir)
[INFO] [stderr]     Checking csv v1.1.5
[INFO] [stdout] warning: unused imports: `error`, `warn`
[INFO] [stdout]   --> src/lib.rs:10:16
[INFO] [stdout]    |
[INFO] [stdout] 10 | use log::{info,warn,debug,error};
[INFO] [stdout]    |                ^^^^       ^^^^^
[INFO] [stdout]    |
[INFO] [stdout]    = note: `#[warn(unused_imports)]` on by default
[INFO] [stdout] 
[INFO] [stdout] 
[INFO] [stdout] warning: variable does not need to be mutable
[INFO] [stdout]    --> src/lib.rs:481:13
[INFO] [stdout]     |
[INFO] [stdout] 481 |         let mut parent = self.get_node_mut(node_index);
[INFO] [stdout]     |             ----^^^^^^
[INFO] [stdout]     |             |
[INFO] [stdout]     |             help: remove this `mut`
[INFO] [stdout]     |
[INFO] [stdout]     = note: `#[warn(unused_mut)]` on by default
[INFO] [stdout] 
[INFO] [stdout] 
[INFO] [stdout] warning: constant `SINGLE_WILDCARD` is never used
[INFO] [stdout]   --> src/lib.rs:89:7
[INFO] [stdout]    |
[INFO] [stdout] 89 | const SINGLE_WILDCARD: char = '?';
[INFO] [stdout]    |       ^^^^^^^^^^^^^^^
[INFO] [stdout]    |
[INFO] [stdout]    = note: `#[warn(dead_code)]` on by default
[INFO] [stdout] 
[INFO] [stdout] 
[INFO] [stdout] warning: method `len` is never used
[INFO] [stdout]    --> src/lib.rs:655:8
[INFO] [stdout]     |
[INFO] [stdout] 330 | impl SuffixTrie {
[INFO] [stdout]     | --------------- method in this implementation
[INFO] [stdout] ...
[INFO] [stdout] 655 |     fn len(&self) -> usize {
[INFO] [stdout]     |        ^^^
[INFO] [stdout] 
[INFO] [stdout] 
[INFO] [stdout] warning: method `find_exact` is never used
[INFO] [stdout]     --> src/lib.rs:1046:8
[INFO] [stdout]      |
[INFO] [stdout] 900  | impl SuffixTrieEditMatcher {
[INFO] [stdout]      | -------------------------- method in this implementation
[INFO] [stdout] ...
[INFO] [stdout] 1046 |     fn find_exact(&mut self, suffix_trie: &SuffixTrie, pattern: &str) -> Vec<Match> {
[INFO] [stdout]      |        ^^^^^^^^^^
[INFO] [stdout] 
[INFO] [stdout] 
[INFO] [stdout] warning: 5 warnings emitted
[INFO] [stdout] 
[INFO] [stdout] 
[INFO] [stderr]     Checking tinytemplate v1.1.0
[INFO] [stderr]     Checking criterion v0.3.3
[INFO] [stdout] error[E0061]: this method takes 2 arguments but 1 argument was supplied
[INFO] [stdout]    --> benches/spyglass_benchmark.rs:7:72
[INFO] [stdout]     |
[INFO] [stdout] 7   |     c.bench_function("find_exact_para", |b| b.iter(|| black_box(&trie).find_exact("that")));
[INFO] [stdout]     |                                                                        ^^^^^^^^^^-------- an argument of type `bool` is missing
[INFO] [stdout]     |
[INFO] [stdout] note: method defined here
[INFO] [stdout]    --> /opt/rustwide/workdir/src/lib.rs:646:12
[INFO] [stdout]     |
[INFO] [stdout] 646 |     pub fn find_exact(&self, pattern: &str, case_insensitive: bool) -> Vec<Match> {
[INFO] [stdout]     |            ^^^^^^^^^^
[INFO] [stdout] help: provide the argument
[INFO] [stdout]     |
[INFO] [stdout] 7   |     c.bench_function("find_exact_para", |b| b.iter(|| black_box(&trie).find_exact("that", /* bool */)));
[INFO] [stdout]     |                                                                                  ~~~~~~~~~~~~~~~~~~~~
[INFO] [stdout] 
[INFO] [stdout] 
[INFO] [stdout] error: aborting due to previous error
[INFO] [stdout] 
[INFO] [stdout] 
[INFO] [stdout] For more information about this error, try `rustc --explain E0061`.
[INFO] [stdout] 
[INFO] [stderr] error: could not compile `spyglass` (bench "spyglass_benchmark") due to 2 previous errors
[INFO] [stderr] warning: build failed, waiting for other jobs to finish...
[INFO] [stdout] error[E0432]: unresolved import `utilities`
[INFO] [stdout]  --> tests/integration_test.rs:4:5
[INFO] [stdout]   |
[INFO] [stdout] 4 | use utilities;
[INFO] [stdout]   |     ^^^^^^^^^ no external crate `utilities`
[INFO] [stdout] 
[INFO] [stdout] 
[INFO] [stdout] error[E0432]: unresolved import `utilities`
[INFO] [stdout]   --> src/lib.rs:18:9
[INFO] [stdout]    |
[INFO] [stdout] 18 |     use utilities;
[INFO] [stdout]    |         ^^^^^^^^^ no external crate `utilities`
[INFO] [stdout] 
[INFO] [stdout] 
[INFO] [stdout] error: aborting due to previous error
[INFO] [stdout] 
[INFO] [stdout] 
[INFO] [stdout] For more information about this error, try `rustc --explain E0432`.
[INFO] [stdout] 
[INFO] [stdout] warning: unused imports: `error`, `warn`
[INFO] [stdout]   --> src/lib.rs:10:16
[INFO] [stdout]    |
[INFO] [stdout] 10 | use log::{info,warn,debug,error};
[INFO] [stdout]    |                ^^^^       ^^^^^
[INFO] [stdout]    |
[INFO] [stdout]    = note: `#[warn(unused_imports)]` on by default
[INFO] [stdout] 
[INFO] [stdout] 
[INFO] [stderr] error: could not compile `spyglass` (test "integration_test") due to 2 previous errors
[INFO] [stdout] error: aborting due to previous error; 1 warning emitted
[INFO] [stdout] 
[INFO] [stdout] 
[INFO] [stdout] For more information about this error, try `rustc --explain E0432`.
[INFO] [stdout] 
[INFO] [stderr] error: could not compile `spyglass` (lib test) due to 2 previous errors; 1 warning emitted
[INFO] running `Command { std: "docker" "inspect" "c5772ff91e6bd8b4127c5680225880f2f677f729c059710c4e6b2cc9709bcc90", kill_on_drop: false }`
[INFO] running `Command { std: "docker" "rm" "-f" "c5772ff91e6bd8b4127c5680225880f2f677f729c059710c4e6b2cc9709bcc90", kill_on_drop: false }`
[INFO] [stdout] c5772ff91e6bd8b4127c5680225880f2f677f729c059710c4e6b2cc9709bcc90
